5*x + 50016, -4*d + 3250 + 16772 = 2*x. List the prime factors of x.
3, 5, 23, 29
Let z = 120 - 103. Suppose 4*b = -z*t + 19*t - 3852, 4*t - 3*b - 7704 = 0. List the prime factors of t.
2, 3, 107
What are the prime factors of (12 + 1168/(-12))*-18?
2, 3
Let h = 17552 + -10520. What are the prime factors of h?
2, 3, 293
Let y(z) = z**3 + 5*z**2 + 5*z + 5. Let d = -306 + 303. List the prime factors of y(d).
2
List the prime factors of -8 + (7583 - (-7 - -6)) + 7.
7583
Suppose 21801 = s - 2*o, -o + 0*o + 109093 = 5*s. What are the prime factors of s?
21817
List the prime factors of (48 - 46) + (13825 - -2).
13829
Let n(i) = -i**3 - 17*i**2 + 17*i + 33. Let k be n(-18). List the prime factors of 6/k - (-53436)/102.
2, 131
Let n be 4*(-28)/32*(-72)/21. Suppose 19*r - 6440 = n*r. What are the prime factors of r?
2, 5, 23
Let v be -2*(-1)/6 + 2720/408. Suppose 0 = 15*o + v*o - 5720. What are the prime factors of o?
2, 5, 13
Suppose 0 = -10*a - 60834 - 64446. What are the prime factors of 19/((-152)/a) - (1 - -5)?
2, 3, 5, 13
Let t(y) = 31*y**3 - 9*y**2 + 34*y - 40. List the prime factors of t(4).
2, 11
Suppose -90991 = -30*k + 53279. What are the prime factors of k?
3, 7, 229
Let i = 12217 - 5824. List the prime factors of i.
3, 2131
Let d be 61*3 + (2 - 1)*-4. Suppose -d - 287 = 2*z. Let c = z + 460. What are the prime factors of c?
227
Let c(l) = 5*l**2 + 9*l - 1505. List the prime factors of c(-57).
41, 347
Let r = 56 - -5758. What are the prime factors of r?
2, 3, 17, 19
Let l(i) = -9*i**3 - 15*i**2 + 5*i - 95. List the prime factors of l(-13).
2, 8539
Suppose -29*c - 14824 = -34*c + 4*r, 0 = 3*c + 3*r - 8916. Suppose 2*b - c = 2*p, p = 20*b - 25*b + 7390. List the prime factors of b.
3, 17, 29
Let m(a) = -10*a - 10. Suppose 3*v - 6*v - 5*f = -9, -4*v = 3*f - 12. Suppose -3*g + p = 45, p - 6 = -v. What are the prime factors of m(g)?
2, 5, 13
What are the prime factors of ((-1870)/(-990) + (-4)/(-9))/(2/12456)?
2, 3, 7, 173
Let d(f) be the third derivative of 3*f**5/20 - f**4/12 - f**3/6 - f**2 - 117. Suppose 5*q + 2 = 3*g, 0 = -2*q + 2 - 4. List the prime factors of d(g).
2, 5
Let t(h) = h**2 - 11*h - 8. Let j = -13 + 14. Let m be (2 - 6)/(j/(-4)). What are the prime factors of t(m)?
2, 3
Let k(m) = 42*m + 107. Suppose -g = n - 6, -n + 0*n - 4 = 0. What are the prime factors of k(g)?
17, 31
Let r(m) = -m**2 - m + 6. Let z be r(-3). Suppose 0 = 3*w - 4*s - 46, -3*w - s + 26 + 30 = z. List the prime factors of 807/w - ((-15)/18)/5.
3, 5
List the prime factors of 20 + (12 - 556230)/(-9).
2, 30911
Let t(b) = 39*b**3 + 2*b + 29*b**2 - 31*b**2 + 8*b**3. List the prime factors of t(1).
47
Suppose 11*d - 4*d = 5369. Let j = d + -417. Suppose 0*w - j = -7*w. What are the prime factors of w?
2, 5
Let a = 8 + -6. Suppose 2*v - 32 = 4*d, -2*v + 67 = a*v - 5*d. What are the prime factors of v + 2/1*1?
2, 5
Let r(w) = -1279*w + 15337. What are the prime factors of r(-19)?
2, 19819
Suppose -2*p + 1331 + 1756 = -u, 0 = p - 4*u - 1540. Let v = -1098 + p. List the prime factors of v.
2, 223
Let g(y) = 2*y**2 - 6*y + 11. Let m be g(2). Suppose -1396 + 4742 = m*x. List the prime factors of x.
2, 239
Let d(m) = -m**3 + 9*m**2 - 6*m - 13. Let a be d(8). Suppose 0 = s + a*g - 540, -2*s + g + 1120 = -g. What are the prime factors of s?
3, 5, 37
Let d(h) = -h**3 - 5*h**2 - 4*h - 3. Let l be d(-3). Let c be (-2 - 1) + (-2)/(2/l). What are the prime factors of 11 - (c/2 + -8)?
2
Let f(n) = 3*n + 0*n**2 - 29 + 2*n**2 + 22 + 210. Let s(v) = -5*v**2 - 7*v - 405. Let m(c) = 7*f(c) + 3*s(c). List the prime factors of m(0).
2, 103
List the prime factors of 29683 + ((-308)/539 - (-73)/(-7)).
2, 3709
Let s = -29 - -32. Suppose -356 - 53 = 3*j + 2*a, s*j - a = -421. Let r = j + 236. List the prime factors of r.
97
Let r = -8263 - -13042. List the prime factors of r.
3, 59
Let y = 115 - 120. List the prime factors of 2 - (-2 + 90)*y.
2, 13, 17
Let w be ((-105)/(-28))/(3/132). Let i be (w/22)/((-6)/(-80)). List the prime factors of (-9)/2*i/(-15).
2, 3, 5
Suppose -252080 = -72*v + 14*v + 489276. List the prime factors of v.
2, 7, 11, 83
Suppose 145*o + h = 143*o + 3904, 5*o - 9781 = h. What are the prime factors of o?
5, 17, 23
Let p be 2/9 - (-112)/(-18). Let m be (4 + 15/p)*-10. List the prime factors of (-111)/(-15) - (-2 - 36/m).
7
Let d(w) = w**3 + 27*w**2 - 23*w + 141. Let p be d(-28). List the prime factors of -2 + (80/12)/p*63.
2, 11, 19
Let l(v) = v**3 - 24*v**2 + v - 21. Let r be l(24). Suppose -3*s + 5*u = -128, 3*s - 2*s - r*u = 36. List the prime factors of s.
3, 17
List the prime factors of (-31)/((-1488)/64) - 8036/(-3).
2, 5, 67
Suppose -4*s + 7*s + 2*z - 582 = 0, 0 = -2*s + 4*z + 372. What are the prime factors of 48/32*(0 + s)?
2, 3
Let m = 34 + -31. Suppose u - 10 = -a + m, -2*a = -8. Suppose z + 384 = u*z. What are the prime factors of z?
2, 3
Suppose 5*q - 4*s - 10 = 0, -2*s = -q + s + 2. Suppose q*y = 5*b - 6*b + 728, -b = y - 728. What are the prime factors of b?
2, 7, 13
Let h be 1 - (3/2)/(54/(-144)). Suppose 270 = h*o - 555. What are the prime factors of o?
3, 5, 11
What are the prime factors of 168/64*(-9 + 1281)?
3, 7, 53
Let m(y) = 1365*y - 212. List the prime factors of m(3).
11, 353
What are the prime factors of 19451 + 4*(-72)/(-16)?
19469
List the prime factors of ((-29183)/(-22))/(9/36).
2, 7, 379
Let x = -48 + 204. Suppose -3*v = -1497 - x. What are the prime factors of v?
19, 29
Let a = -414 + 703. Let r = 796 - a. List the prime factors of r.
3, 13
Let b be -9 + (10 - -6) + 29. Let w(i) = -i**2 + 3*i - 2. Let c be w(2). Suppose b*a - 35*a - 154 = c. List the prime factors of a.
2, 7, 11
Let j = 353 + -348. Suppose -2*g - 3*g = j*l - 1450, -5*g = 2*l - 568. List the prime factors of l.
2, 3, 7
Suppose -9*v = -2*v - 21. Suppose -20 = -4*y, -o + v*y - 21 = 2*y. List the prime factors of 170 + (40/o - 1/(-2)).
2, 3, 7
Let o(z) = 3*z**3 - z**2 - 5*z - 4. Suppose 4*g - 5*k - 5 = -13, -5*g + 2*k + 7 = 0. Let f be o(g). Suppose j - f - 19 = 0. List the prime factors of j.
2, 3
Suppose -202*q = -220*q + 109494. List the prime factors of q.
7, 11, 79
Suppose 91345 = 5*o - 5*u, -3*o + 4*u + 33058 = -21754. List the prime factors of o.
2, 3, 761
Suppose 240*i + 186053 = 252*i - 212311. What are the prime factors of i?
89, 373
Suppose 14*i = -33*i + 6*i + 2784310. What are the prime factors of i?
2, 5, 6791
Suppose -3*m = -5*p + 13, 0*m + 3*m - 1 = -2*p. Let r be 84/(-7)*p/(-3). Let w(x) = 7*x. What are the prime factors of w(r)?
2, 7
Suppose 6*s = -53 + 101. Suppose s*c - 30*c + 11528 = 0. List the prime factors of c.
2, 131
Suppose -42*w - 32764 + 480274 = 0. List the prime factors of w.
5, 2131
Let w = -354 - -348. Let o(n) = 25*n**2 - 29*n - 24. What are the prime factors of o(w)?
2, 3, 5, 7
Suppose 11*k - 4*k - 28 = 0. Suppose -2*g = 10, k*g - 9*g = -5*v + 3320. List the prime factors of v.
659
Let s(h) = 743*h + 6. Let d be s(-1). Let u(t) = 10*t - 77. Let z be u(-36). Let q = z - d. What are the prime factors of q?
2, 3, 5
Let b = -210 + 192. What are the prime factors of ((-13639)/46)/(3/b)?
3, 593
Let r(a) = a**3 + 10*a**2 + 6*a - 23. Let t be r(-9). Suppose t*u - 12 = 0, m + 11*u - 9*u - 418 = 0. List the prime factors of m.
2, 103
Suppose -30*r + 128 = -14*r. What are the prime factors of 1*3078/r - 6/(-24)?
5, 7, 11
Let i(g) = -g**2 - g + 3. Let v be i(0). Suppose 5*l - 3*h = 561 + 95, -3*l - v*h + 408 = 0. Let j = -94 + l. What are the prime factors of j?
3, 13
Let w(u) = 6*u + 58. Let d be w(-6). List the prime factors of 26/d - (-2)/(-11) - -145.
2, 73
Suppose u = -z - 2 - 2, -4*z - 2*u - 24 = 0. What are the prime factors of (678/z)/(4/(-16))?
3, 113
Let j = 54 - 52. Suppose 0*s = -j*s - 304. List the prime factors of (-1364)/(-38) + (-16)/s.
2, 3
Let t(q) = -31*q - 104. Let f be t(-9). Let b = f - -200. What are the prime factors of b?
3, 5
Let w(i) = 3*i**2 - 8*i - 9. Let d be w(8). Suppose 77 = 4*a - 467. Let t = a - d. List the prime factors of t.
17
Let f be ((-142)/(-8) + -2)*24. Suppose -14*p - f = -3696. List the prime factors of p.
3, 79
Let m(z) = 6*z - 27. Let l be m(0). Let b be (-144)/l*(-2 + (-17)/(-4)). What are the prime factors of (b/(-9))/(-2)*57?
2, 19
Let p = 4587 + 9357. What are the prime factors of p?
2, 3, 7, 83
Let